 be t(f). Suppose -x + 2*z + 120 = -58, -x + 5*z + 163 = p. Calculate the remainder when x is divided by 48.
44
Suppose -88 = -4*s + 317*a - 315*a, 2*s - 48 = 2*a. Calculate the remainder when s is divided by (14 + (-1 - 0))*1.
7
Suppose -2*f + 2*w + 56 = 0, -4*f + w = -0*w - 109. Calculate the remainder when 65 is divided by 654/f - (-24)/(-108).
17
What is the remainder when 247 is divided by (-614)/(-8) + (-16 - 130/(-8))?
16
Let o be (65/20)/(3/48). Let y be 13/o - 97/4. Let t = -16 - y. Calculate the remainder when 62 is divided by t.
6
Suppose -414 = -42066*l + 42048*l. Let x = 198 + -109. Calculate the remainder when x is divided by l.
20
Suppose i - 15 = -5*t - 5, -i - 20 = -5*t. Calculate the remainder when ((-45)/2)/(-5)*(-40)/(-60) is divided by t.
0
Suppose 0 = -14*m - 2*w + 676, 5*m - 2*w - 134 = 121. What is the remainder when 324 is divided by m?
30
Let b(c) = 75*c - 1845. What is the remainder when 98 is divided by b(25)?
8
Suppose 144 - 223 = -17*j + 261. What is the remainder when 154 is divided by j?
14
Suppose -5*c - 921 = -y, 24 - 763 = 4*c - 3*y. Let i = -160 - c. Calculate the remainder when 262 is divided by i.
22
Let j(o) = -o**3 - 9*o**2 - 8*o + 765. What is the remainder when 2306 is divided by j(0)?
11
Suppose -4*c = -4*o - 23 - 1, 10 = 3*c - o. Let x be 26 + c + 0/7. Suppose x*p = 26*p + 56. Calculate the remainder when 82 is divided by p.
26
Suppose -n = -5*n + 284. Suppose -3444 = -13*u + 15*u. What is the remainder when n is divided by u/(-98) - 6/(-14)?
17
Suppose 147*h + 115 = 149*h + k, 5*h - 4*k = 307. Calculate the remainder when h is divided by 31.
28
Suppose -84*o - 11341 = -95*o. Let f = o + -920. Calculate the remainder when f is divided by 28.
27
Let o(k) = 3*k + 1. Let z be o(2). Suppose 75 - 334 = -z*w. Calculate the remainder when 73 is divided by w.
36
What is the remainder when 1098 is divided by -5*66/275*(1 + (-371)/21)?
18
Let a(m) = -m**2 - 105*m + 201. What is the remainder when 3324 is divided by a(-106)?
94
Suppose -137 = -5*g - 2*w + 37, -w + 104 = 3*g. Let i be -1 + ((-24)/(-2) - 4). Suppose i*m = 2*m + 495. Calculate the remainder when m is divided by g.
31
Suppose 69 + 154 = 10*t - 217. What is the remainder when 538 is divided by t?
10
Let f = -2 + 4. Let s(g) = -g**3 - 8*g**2 - 15*g + 5. Calculate the remainder when f - (-256)/(1 - -3) is divided by s(-6).
20
Let g be 10*((-6)/(-4) - 1). Suppose -3*t + 5*t - 26 = 0. What is the remainder when -66*(g/(-45) - (-4)/(-18)) is divided by t?
9
Suppose i = -z + 7, i = 5*z - 3*i - 26. Calculate the remainder when (-2)/((-58)/(-59) - 6/z) is divided by 6.
4
Suppose -65 = -2*g + 3*u, 159 = 5*g - 0*g - 4*u. Suppose 99*b - 95*b + 392 = 4*r, -5*r = -b - 482. What is the remainder when r is divided by g?
3
Let c(w) = 2*w**3 - 34*w**2 + 135*w - 1. Calculate the remainder when 883 is divided by c(6).
16
Let n be (-662)/(-10) - (-5)/(-25). Suppose -34 - n = -5*x. Suppose -11*q + 7*q + x = 0. What is the remainder when q is divided by 3?
2
Suppose -7844 = -137*h - 11*h. Calculate the remainder when 690 is divided by h.
1
Suppose -4*d - 4 = 0, -4*d = -3*k + 2 + 11. Suppose 0 = -k*b + 17 + 31. What is the remainder when 90 is divided by b?
10
Let n be ((14/(-8))/(-7))/(2/16). Let q(u) = u**3 - 4*u**n + 12*u**2 - u**2 - 7 - 3*u. Calculate the remainder when 50 is divided by q(-7).
8
Let m = 334 + -303. Suppose -4*l = -8*l - 5*o + 47, 0 = 2*l - 5*o - m. Suppose 0 = -3*n + 66 + 45. What is the remainder when n is divided by l?
11
Let p(w) = w**2 - 12*w + 27. Let h be p(11). Suppose d + h = -3*a, 4*d - 3*a = a. Calculate the remainder when (7 - 11)*7/d is divided by 5.
2
Let i = -447 + 451. Suppose -6*p = -p + 3*k - 195, 3*k + 129 = i*p. What is the remainder when 249 is divided by p?
33
Let m(t) = -2*t**2 + 7*t - 53. Let q be m(6). What is the remainder when 330 is divided by 0 - (q - (2 + -1))?
78
Let a = 52 - -34. Suppose -178 = -2*g - 4*w, -a = 2*g - 3*g - w. Suppose 0 = -36*m - 77 + 833. Calculate the remainder when g is divided by m.
20
Suppose 8*c - 4*c - 1074 = -5*i, -2*i = -2*c + 528. Let l(s) = s**3 + 8*s**2 - 6*s - 3. What is the remainder when c is divided by l(-8)?
41
Let l(o) = -o**2 - 43*o - 27. Let c = -72 + 179. Calculate the remainder when c is divided by l(-41).
52
Calculate the remainder when 3135 is divided by (1 - 0)/(17 + (-102330)/6021).
13
Let f be 32*(-1)/3*-48. Suppose o + 140 = n + 4*o, 0 = -4*n + 4*o + f. Let u = 4060 + -4027. Calculate the remainder when n is divided by u.
32
Let k = 940 + -900. What is the remainder when 99 is divided by k?
19
Suppose 7*k - 223 = 4*k - 88. Calculate the remainder when 147 is divided by k.
12
Suppose -44*z - 6 = -42*z. What is the remainder when 417 is divided by (76/(-12))/(z/9 + 0)?
18
Let b = 3132 + -2814. What is the remainder when b is divided by 9?
3
Let d = 7 - 3. Suppose -28*r = -29*r + d*b + 4, r = -b + 14. Calculate the remainder when 105 is divided by r.
9
Suppose 36*l + 78*l - 162203 - 27037 = 0. What is the remainder when l is divided by 52?
48
Suppose 174*b = 169*b + 600. Suppose 19*i = 27*i - b. Let c = -12 + 40. Calculate the remainder when c is divided by i.
13
Suppose 45*z - 15296 = 43870 + 40464. Calculate the remainder when z is divided by 549.
18
Suppose 4*z + 6*v - 4*v - 1176 = 0, -4*z = 5*v - 1182. Let d = -293 + 352. What is the remainder when z is divided by d?
57
Let k(a) = a**3 + 58*a**2 + 130*a - 91. What is the remainder when k(-55) is divided by 18?
16
What is the remainder when 2/(-6) - (-67)/3 is divided by (-2872)/(-1795)*(-1)/(-6)*15?
2
Let q = 768 - 672. Calculate the remainder when 8 + -23*q/(-4) is divided by 47.
43
Let j = 7583 + -7568. What is the remainder when 119 is divided by j?
14
Suppose -2*w - 4*p + 192 - 744 = 0, -3*w - 836 = 4*p. Let m = w - -348. Calculate the remainder when m is divided by 13.
12
Suppose -374*y = -365*y - 1413. What is the remainder when 423 is divided by y?
109
Let y(j) = 2*j**2 + 7*j - 90. Let z be (-4968)/486 - (-3)/((-27)/(-2)). What is the remainder when 50 is divided by y(z)?
10
Let w(f) = 58*f - 245. Let h = -17 - -79. Let c = -36 + h. Calculate the remainder when w(5) is divided by c.
19
Let r = 600 + -293. Suppose i - r + 274 = 0. What is the remainder when i is divided by 19?
14
Suppose 2*j - l = 293, -8*j = -7*j - 2*l - 154. Calculate the remainder when 211 is divided by j.
67
Let o(l) = 6*l - 124. Let y be o(31). Suppose 0 = -4*t + n - 23 + 113, 0 = -3*t - 2*n + y. Calculate the remainder when 218 is divided by t.
20
Let o(g) = 2*g**3 - 3*g**2 - 3*g - 5. Calculate the remainder when 280 is divided by o(3).
7
Let u(b) = -150*b + 1. Let t(d) = 75*d. Let p(o) = -7*t(o) - 4*u(o). What is the remainder when p(3) is divided by (-4 - 24/(-3)) + (23 - 27) + 14?
11
Let s = 178 - 428. Let y = s - -289. What is the remainder when y is divided by 32?
7
Let k(s) = -7*s - 7. Suppose -99 = -f - 105. Calculate the remainder when k(-6) is divided by (f/(-2))/(57/152).
3
Let q = -506 + 695. Let c be 76/16 - 7/(-28). What is the remainder when q is divided by ((-2)/c)/((-5)/400)?
29
Suppose 160 = 4*g - 2*f, -7*g + 5*g = 6*f - 94. Suppose 4*x - 13*x = -1449. What is the remainder when x is divided by g?
38
Suppose 139 - 129 = 5*u. Suppose -4*y + 128 = -o, -y + u*y = 4*o + 47. Calculate the remainder when 52 is divided by y.
21
Let y = 5039 + -5024. What is the remainder when 1152 is divided by y?
12
Let m(i) = i**2 - 2. Suppose 2*q - 140 = 3*q. Let l = q - -142. Calculate the remainder when m(-2) is divided by l.
0
Let j = 32 + -29. Suppose -23 = -o - j*p, -3*o + 22 = -3*p - 59. What is the remainder when o is divided by 16?
10
Suppose 0 = -3*k - 7010 + 7076. What is the remainder when 254 is divided by k?
12
Suppose v = -5*d + 32, -3*d - 20 + 44 = 3*v. Suppose 84 - 24 = d*f. Calculate the remainder when 46 is divided by f.
6
Let z = 11509 - 11315. Let r = 218 - 153. What is the remainder when z is divided by r?
64
Suppose 354 = 4*i + 2*l, 4*i + 9*l + 3*l - 224 = 0. Calculate the remainder when (-5652)/(-15) - 2/(-10) is divided by i.
92
Let n be (-1 + 0)*(1 - 52). Let v(f) = f**2 + 14*f - 618. Let l be v(20). Let k = l - n. Calculate the remainder when 21 is divided by k.
10
Suppose -113*l + 129*l = 5760. What is the remainder when